common divisor of o and 19.
19
Let n(o) = 4*o - 2 - 9 - 2 + 1. Let m be n(13). Let c be 0 + 1 + (4 - -3). What is the highest common divisor of c and m?
8
Let v be 9/6*1/(6/56). Let n be (-2 + 0)/((-14)/v). What is the highest common factor of n and 22?
2
Suppose 2*q - 4*p = 80, -178 = -5*q - 4*p - 48. Calculate the greatest common divisor of 70 and q.
10
Let c = 57 + -102. Let y be c*(5 - (-48)/(-9)). Calculate the highest common factor of y and 15.
15
Let j = -14 + 14. Let z be (6/(-2))/(-1 - j). Let y be 4 + 8 - (1 - z). Calculate the highest common divisor of y and 84.
14
Suppose 5*q + 4*j = 3*q - 10, 0 = -5*q - 5*j - 5. Calculate the greatest common divisor of q and 24.
3
Let k(v) = v**3 - v**2 - 14*v + 41. Let w be k(5). What is the greatest common divisor of 781 and w?
71
Let f = -452 - -521. What is the highest common divisor of 23 and f?
23
Let o = -136 - -138. Suppose -6*m = -4*m - o*j - 10, 10 = -m - 4*j. Calculate the highest common factor of 16 and m.
2
Let x be 1*33/3*1. Suppose 56 + 109 = 3*r. Calculate the greatest common divisor of x and r.
11
Let j be (-128)/(-20) - 6 - (-3492)/20. Calculate the greatest common divisor of j and 385.
35
Suppose 0 = -14*n + 19*n - 330. Calculate the highest common factor of 6 and n.
6
Let c = 1238 - 1100. Calculate the greatest common divisor of c and 6.
6
Suppose 3*j = 3*r + 22 + 2, -4*j - r = -47. Suppose 0 = -4*g - 2*t + 4, 2*g = 2*t + 3 - 1. Calculate the greatest common factor of j and g.
1
Let m(o) = -2*o**3 + 62*o**2 + 68*o - 106. Let k be m(32). What is the greatest common divisor of 649 and k?
11
Let a = -267 - -288. What is the greatest common factor of 105 and a?
21
Suppose -7*a + 734 = -652. Suppose -14 - 6 = -5*l. Suppose 0 = l*k - 2*b + 3*b - 69, -4*k = 5*b - 57. What is the highest common factor of a and k?
18
Let r(t) = 47*t**3 + 17*t + 5*t**2 + 14 - 46*t**3 + 5*t**2. Let j be r(-7). Calculate the highest common factor of 6 and j.
6
Suppose -2*q - 9 = -15. Suppose y - q = -w + 4, 3*y = 3*w - 3. Let x be (2 + 2/(-2))*4. What is the highest common divisor of x and w?
4
Suppose -10*y = 8*y - 5130. What is the highest common factor of y and 45?
15
Let o be 1*89 + 7 + -6. Let n be (20/2)/((-4)/(-6)). Let w be n/(-10)*(-20)/3. What is the greatest common factor of w and o?
10
Let h be (1 - 19)/((-9)/12). Let z = 92 - 50. Let m = z - h. Calculate the greatest common divisor of m and 90.
18
Suppose 3*z + 418 = 826. What is the highest common factor of 24 and z?
8
Let o(v) = 5*v + 75. Let q be (0 + 0)*(-4)/8. Let r be o(q). Calculate the greatest common divisor of 50 and r.
25
Suppose 4*z - 2362 = -5*x, 9*z = 3*x + 10*z - 1413. What is the highest common divisor of x and 10?
10
Let p be 5/(-15)*3*-4 - -185. Let n(b) = -b**2 + 10*b + 6. Let l be n(7). Calculate the greatest common factor of l and p.
27
Suppose -2*m = 34 - 124. Let p be (15/m)/((-46)/48 - -1). What is the highest common divisor of p and 8?
8
Suppose 6*m - 83 + 77 = 0. What is the highest common divisor of m and 32?
1
Let g(q) = 6*q**2 + 1. Let t be g(1). What is the highest common factor of 56 and t?
7
Let d(r) = r**3 + 17*r**2 - 16*r + 43. Let x be d(-18). Calculate the greatest common factor of 763 and x.
7
Suppose 5*o - 6152 = -3*a - 1213, a = 2*o + 1661. What is the greatest common factor of 57 and a?
57
Let k be 1/2*(-81 + 111). Calculate the highest common factor of k and 85.
5
Suppose -3*b + 3*y = 2*b - 54, -3*b - y + 24 = 0. Let p be 0 + 6 - (-12 + 12)/20. What is the highest common factor of p and b?
3
Suppose -312 = -6*c + 2*c. Calculate the greatest common divisor of c and 195.
39
Let m(i) be the first derivative of -9*i**2/2 - 27*i + 41. Let r be m(-13). Calculate the highest common factor of r and 10.
10
Let y be 56/28 - (-2 - (-4 + 1)). Suppose -4*d + 2*k = -22, 4*k + 17 - 3 = -2*d. What is the greatest common divisor of y and d?
1
Suppose 2*k + 4*n = 5*n - 15, -2*k = -3*n + 9. Let q = -7 + k. Let g be 1/(-4) + (-100)/q. What is the greatest common factor of g and 42?
6
Let a(o) = o**3 - 2*o + 4. Let k be a(2). Let x(l) = 7*l + 14. Let j be x(k). What is the highest common divisor of j and 10?
10
Let h = 6 + 9. Let v be 20/h*(-54)/(-4). Let m(o) = -o**3 - 3*o**2 - 4*o + 2. Let x be m(-2). Calculate the greatest common divisor of x and v.
6
Suppose -g + 1 = -0*g - 2*w, -g = -3*w. Let d be 4/g*(-30)/(-4). Let v = d + -6. What is the highest common factor of 6 and v?
2
Suppose -3*j - 5*d - 25 = -j, -1 = -d. Suppose 2 = k - 0*k. Let s be (-9)/6 - j/k. What is the highest common divisor of 4 and s?
2
Let h(p) = 2*p**2 - 8. Let o be h(-5). Let f be 274/(-18) - 2/(-9). Let w = -9 - f. Calculate the highest common factor of w and o.
6
Let z(i) = -6*i - 35. Let y(r) = 17*r + 106. Let k(m) = 3*y(m) + 8*z(m). Let q be k(16). Calculate the greatest common divisor of 215 and q.
43
Let q be (-704)/12*6/(-4). Let y be (17 + -27)*(2 + (-64)/10). What is the greatest common factor of q and y?
44
Suppose -p - 2 = 0, 3*m - 2*p - 13 = 36. What is the greatest common divisor of m and 300?
15
Let l(r) = r + 1. Suppose 5*s + n - 11 = -3*n, -3*s - 4*n + 5 = 0. Let o be l(s). What is the highest common divisor of 16 and o?
4
Suppose 30*k = 34*k - 8. Let z be k/(-4) - 99/(-2). Calculate the highest common divisor of 7 and z.
7
Suppose 0 = 3*n + 3*u - 21, -u - 8 = -3*n - 7. Calculate the greatest common factor of n and 38.
2
Let t be 134/14 - (-28)/(-49). Let n be (-35)/(-14)*(-4)/(-5). Suppose n - 1 = f. Calculate the greatest common divisor of f and t.
1
Let g = 7 - 5. Suppose -5*b - 3*q = -g*q - 13, 10 = 2*b - 2*q. Let c be b/(-12) + 29/4. Calculate the highest common divisor of 77 and c.
7
Let j be (-12)/(3/(-4)*1). Let i be (-4)/(-36) + 5033/63. What is the greatest common factor of i and j?
16
Let u(i) = -i**3 + 11*i**2 + 24*i + 20. Let v be u(12). Calculate the highest common factor of 574 and v.
82
Let y(g) = -2*g**2 - 34*g - 69. Let v be y(-6). Calculate the greatest common factor of 2583 and v.
63
Let z be ((-1258)/259)/(1/(-7)). Calculate the greatest common factor of 102 and z.
34
Let b = 2663 - 2344. Calculate the highest common factor of b and 11.
11
Suppose 0 = 4*x + 7*v - 11*v - 212, 0 = 5*x + 4*v - 238. What is the highest common factor of 2 and x?
2
Suppose -5*r = 7*r - 8*r. Suppose 45 = 3*n - 3*j, -2*n + n - 4*j - 10 = r. What is the highest common divisor of 4 and n?
2
Let k(z) = -10*z**3 - z**2 - z + 2. Let q be k(1). Let t be (-94)/q + (-9)/(-15). What is the greatest common divisor of t and 80?
10
Let g(t) = 16*t + 8. Let a be g(12). Suppose 0 = -5*m - 0*m + a. Let j be -1*8/12*(-135)/18. What is the highest common factor of j and m?
5
Let p(z) = z**3 + 7*z**2 - 6*z + 19. Let a be p(-8). Let c be (-10)/75*a*-135. Calculate the greatest common divisor of c and 18.
18
Let j = 39 - 29. Let g be 385/j*(4 - 2). Suppose 4*f - 15 - 13 = 0. Calculate the highest common factor of f and g.
7
Let f(p) = -40*p - 149. Let v be f(-4). Let d = 1 - 0. Calculate the greatest common factor of v and d.
1
Let u(c) = -9*c - 8*c**3 + 2*c**3 + 14*c**3 + 10*c**2 + 5 - 9*c**3. Let i be u(9). Suppose -4 + 129 = i*w. Calculate the greatest common factor of w and 10.
5
Suppose 4*v + h = 220, -2*v + 57 = 4*h - 39. Let y be ((-2)/(-7))/((-1)/7). Let r be y + 3 - (-52)/12*3. What is the highest common divisor of r and v?
14
Suppose -c = -2*l + 8 + 4, 0 = c + 2*l - 8. Let m be 69/6*(c + 0). Let k = m - -35. What is the highest common divisor of k and 24?
12
Let p(s) = 0 + 12*s**2 + 1 - 6*s**2 + 29*s**2. Let b be (-5)/(-3) + (-4)/6. Let c be p(b). What is the highest common factor of 9 and c?
9
Let p be 11 + -8 + (-2)/1. Let f(r) = 8*r**2 + r - 1. Let a be f(p). Suppose 3*m - 29 = -a. Calculate the highest common factor of 14 and m.
7
Let y(z) = z**2 - 6*z + 55. Let x be y(16). What is the highest common divisor of x and 15?
5
Let c(l) = l + 6. Let v(h) = h + 6. Let d(q) = 6*c(q) - 7*v(q). Let y be d(-10). Calculate the highest common divisor of y and 4.
4
Let a be (10 + 0)*2/5. Suppose 2*i - 12 = a*w, 2*w + 0*w = 5*i - 6. Suppose 32 = 4*s - i*s. What is the greatest common factor of 64 and s?
8
Suppose -13688 = -20*t - 9*t. What is the highest common divisor of 24 and t?
8
Suppose -5*w + 1443 = -4*m + 7*m, -4*w + 2*m = -1150. What is the h